1)?
3
Suppose 5 + 5 = 5*k. Suppose 108 = 6*i - k*i. List the prime factors of i.
3
Let d = -101 - -193. Suppose -2*m + d = -4. List the prime factors of m.
2, 3
Suppose -14 = i + 4*c - 3, -3*c = -4*i + 32. Suppose 7*q - 5*q - 55 = -3*u, 2*u - 44 = -i*q. Let g = -8 + u. List the prime factors of g.
3
Let u(s) = 5*s**3 + 4*s**2 - 2*s - 1. Let w be u(2). Suppose 2*f - w = -f. List the prime factors of f.
17
Let q = 401 - 250. What are the prime factors of q?
151
Let k be (1/(-2))/(2/16). Let b = k - -2. What are the prime factors of ((-6)/(-4))/(b/(-4))?
3
Suppose 3*q = 4*q - 2. Suppose q*x = 4 + 20. What are the prime factors of x?
2, 3
Let v be 1 + -1*(0 + 1). Suppose -5*a + y + 124 = -y, a + 4*y - 38 = v. What are the prime factors of a?
2, 13
Let s be 2 - 0/(-1 + 0). Let k = 4 - 1. Suppose k*f - 16 = -2*o, -s*f + 8 = 2*o - o. List the prime factors of o.
2
Suppose 0 = -q - 2*q + 192. List the prime factors of q.
2
Let m(q) be the third derivative of -q**4/24 + 5*q**3/6 - 2*q**2. List the prime factors of m(-12).
17
Suppose 0 = 4*x + 2*f - 338, -4*x - 5*f + 223 = -118. Suppose -4*s = 4*m - x, -m + 5*s = -0*s - 3. Suppose r - m = -r. List the prime factors of r.
3
Let q(r) = -r**3 + 7*r**2 + r - 5. Let t be q(7). Let s be 17 + -2 + -1 + t. Let y = -6 + s. List the prime factors of y.
2, 5
Let o(f) = f**2 + 2. Let y be o(0). Suppose -3*h + 245 = y*h. Let r = h + -33. What are the prime factors of r?
2
Let z = 4 - 4. Let g = z - 0. Suppose -5*x = -5*h + 20, 5*h + x - 13 - 31 = g. What are the prime factors of h?
2
Let i(p) = 1 + 6 + 3*p + 6*p - 1. Let b be i(-5). Let m = -26 - b. What are the prime factors of m?
13
Let g(j) = -j + 1. Let m(l) = -2*l - 4. Let c(x) = g(x) + m(x). Let d(w) = -w**3 + 8*w**2 + 8*w + 4. Let n be d(9). What are the prime factors of c(n)?
2, 3
Let v(h) = 7*h + 1. Let a be v(1). Let w = 11 - a. Suppose 5*g = -w*r + 14, -g = -0*g + 2*r. What are the prime factors of g?
2
What are the prime factors of (-63)/3*-17*(-5)/(-15)?
7, 17
List the prime factors of 1*2/(-1) + 48.
2, 23
Let m(f) be the first derivative of f**2/2 + 8*f + 2. Let b be m(-6). What are the prime factors of 6 + (-2)/4*b?
5
Let i = 3 + -3. Suppose 0 = -i*l + 5*l - q - 117, 5*q + 125 = 5*l. Suppose 17 = 4*j - l. List the prime factors of j.
2, 5
Let t = -15 - -18. Suppose -l - g = l - 59, 2*g = -t*l + 89. List the prime factors of l.
29
List the prime factors of ((-18)/(-21))/(4/14).
3
List the prime factors of ((-36)/(-16))/((-3)/(-24)).
2, 3
Suppose -4*k + 16 = 0, -3*w + 3*k - 79 = -k. Suppose 10 - 37 = 3*m. Let n = m - w. List the prime factors of n.
2, 3
Suppose -5*r + 4*a + 52 = -63, 2*a + 44 = 2*r. Suppose 0*x + 3*x = r. What are the prime factors of x?
3
Let b = -3 + 7. Suppose -160 - 52 = -b*c. Let p = c + -35. List the prime factors of p.
2, 3
Let y = 22 + -21. List the prime factors of (-32)/(4/(-4)) + y.
3, 11
Suppose 5*l = -22 + 2. What are the prime factors of l/(-16) + (-30)/(-8)?
2
Let r be (-21)/((1/1)/(-1)). List the prime factors of r/(12/4) - 0.
7
Suppose 0 = 4*m + 37 - 5. Let k(l) be the second derivative of -l**4/12 - 3*l**3/2 - l**2 + 3*l. What are the prime factors of k(m)?
2, 3
Let y be 1 + 219/(-6)*-2. Suppose -5*v + 254 - y = 0. Suppose 5*s - 2*g = s + v, -s - 5 = 3*g. What are the prime factors of s?
7
Let d(a) = -a**2 - 11*a - 7. Let z be d(-10). Suppose 87 = z*c + 18. What are the prime factors of c?
23
Let j(u) = 4*u + 10. Let w be j(3). Let c = w - -18. List the prime factors of c.
2, 5
Suppose -4*g - 16 = 0, -5*g + 1 = -c - 0*c. Let h be (-18)/c*35*-1. List the prime factors of 74/10 - 18/h.
2
List the prime factors of 2/(-3)*930/(-20).
31
Let l = 62 + -33. List the prime factors of l.
29
Let b = 45 + -1. List the prime factors of b - (0 + 1)*-4.
2, 3
Let v = 128 + -81. List the prime factors of v.
47
Let o be 1 + (-14)/(-1)*4. What are the prime factors of 1/(-3) + o/9?
2, 3
Suppose -5*s + 5*f + 210 = 0, -2*s + 59 = 4*f - 49. List the prime factors of s.
2, 23
Suppose -8*u = -3*u. Suppose h - 2*m + 4 - 35 = 0, u = -5*h + m + 182. List the prime factors of h.
37
Suppose -7*d + 12 = -3*d. Suppose 38 = 2*b - 0*q + 3*q, -b + d*q + 19 = 0. List the prime factors of b.
19
Suppose 4*j - 25 = 5*x + 20, 4*x = 5*j - 54. Let g(r) = -r**2 - 4*r + 4. Let y be g(-4). Suppose -y*t = -j + 2. What are the prime factors of t?
2
Suppose -1 = -l + 2*l, 2*u - 27 = 3*l. Suppose u - 37 = -5*m. List the prime factors of m.
5
Let a = -8 + 8. Let m(j) = j**3 + j**2 + j + 5. List the prime factors of m(a).
5
Suppose 25 = 4*l + v, -l + 13 = -3*v + v. List the prime factors of l.
7
Suppose -2*m - 3*m + 35 = 0. What are the prime factors of m?
7
Let k(y) = -y**2 + 6*y - 3. Let d = 5 + 0. Let z be k(d). Suppose 0*u = z*u - 12. List the prime factors of u.
2, 3
Let n(w) = w**2 - 9. List the prime factors of n(-7).
2, 5
Let b be (4/(-5))/((-10)/25). Suppose -b*w - 3*w + 45 = 0. What are the prime factors of w?
3
Let l(o) = o**2 + 5*o + 7. Let c be l(-5). Let y = c - 0. What are the prime factors of y?
7
Let b(v) = -3*v. Let s be b(3). Let n = 15 + s. Suppose 0 = -p - p + n. List the prime factors of p.
3
Suppose -4*a + 18 = -a. Suppose j = -a + 18. List the prime factors of j.
2, 3
Let h(j) = -3*j**3 - 3*j**2 - 4*j - 3. Let o be h(-3). Suppose 2*k + 36 = 3*z, 3*k + 3*z = -o + 9. Let c = -10 - k. What are the prime factors of c?
2
Suppose 4*r = 2*r + 20. Let j be (-30)/(-12)*16/r. Let y = -1 + j. List the prime factors of y.
3
Suppose 0 = -f - f, -2*t - 5*f = 14. Let u = -3 - t. List the prime factors of (-3)/u + 102/8.
2, 3
Let m(i) = -i**3 - 11*i**2 - 13*i - 12. What are the prime factors of m(-10)?
2, 3
Let n be 147/1 - (0 - 0). Let c = 227 - n. Suppose 5*q - 7*o - c = -2*o, -3*q = 4*o - 48. What are the prime factors of q?
2
Let n(x) = -x**2 + 2*x. Let j be n(1). What are the prime factors of j/5 - 19/(-5)?
2
List the prime factors of 1 + (0 - -55) + (-15 - -18).
59
Suppose -t - t = 0. Suppose 2*n - 2*k = -n + 42, t = k. List the prime factors of n.
2, 7
Suppose -4*p - 25 = p. Let f = p - -18. Suppose c = f - 6. What are the prime factors of c?
7
Suppose -1 = -5*h - 61. Let b be (-2)/(-6) + (-32)/h. What are the prime factors of (-2 - -2)/b - -3?
3
Suppose 0 = -2*r + 23 - 13. Suppose 2*p - 2*k - r = 23, -5*p + 76 = k. List the prime factors of p.
3, 5
Let t = 11 + -6. Suppose -t = -4*n + 3*z, -3*n + 4*z - 4 = 1. What are the prime factors of n?
5
Suppose z = -i + 2, 3*i + 36 = 5*z - z. Let s = 0 + z. List the prime factors of s.
2, 3
Let b = 10 - 14. Let q(o) = o**3 + 4*o**2 - 4*o - 3. What are the prime factors of q(b)?
13
Let q(p) = -5*p - 3. What are the prime factors of q(-6)?
3
Let b(k) = k**2 + 10*k + 7. Let j be b(-11). Suppose g - 3 = j. What are the prime factors of g?
3, 7
Let h be 2/((2/(-9))/(-2)). What are the prime factors of 104/h + 8/36?
2, 3
Suppose -3*v - v = -12. Suppose -t + 0*t + v = 0. What are the prime factors of t?
3
Let a = 82 - -1. Suppose 4*g = k + 71, -a = -4*g + 3*k - 6. What are the prime factors of g?
17
Let n(d) = d**2 - 7*d + 10. Let o be n(4). Let i = 2 - o. What are the prime factors of i?
2
Let r(s) = 21*s - 5. What are the prime factors of r(2)?
37
Suppose 5*a = 10, j - a + 7 = 4*a. Suppose -j*p = 8 - 86. What are the prime factors of p?
2, 13
Suppose -19 = 3*x - 5*o, -3*x + o + 0 = -1. Suppose -5*q + x*k = -133, 0 = -5*q + 5*k - k + 141. What are the prime factors of q?
5
What are the prime factors of (11 + -10)/(1/128) + 2?
2, 5, 13
Let c(j) = j - 4. Let s be c(4). Let y(o) = 4*o + 10 - 3*o - 1. What are the prime factors of y(s)?
3
Suppose 4*m = 2*m + 18. List the prime factors of m.
3
Suppose -3 = n + 5. Suppose 5*b + 14 = -2*x, 0*b + b - 6 = 4*x. List the prime factors of x*2/n*32.
2
Let v = 225 - 83. List the prime factors of v.
2, 71
Let w be (-14)/21 - (-58)/6. Let k = w - -3. What are the prime factors of k?
2, 3
Let d be 1/(((-14)/(-48))/7). Suppose 2*h - 3*h + d = 0. What are the prime factors of h?
2, 3
Let d(z) = z + 10. Let k be d(-9). Suppose 1 + k = -s. What are the prime factors of -2 + (-12)/(-1) + s?
2
Suppose 68 = t - 3*t. Let h(c) = c**2 + 25*c - 73. Let d be h(-26). Let y = t - d. What are the prime factors of y?
13
List the prime factors of (-2 - -74) + (-1 - -4).
3, 5
Suppose -7 = -y + 2*y